u(c) = c**2 - 68*c - 600. Let g be u(-8). Let a = -147 - -211. Calculate the highest common factor of g and a.
8
Suppose -q = 2*v + 2*q + 11, 2*q = -3*v - 19. Let s be (v/2 + 2)/(12/(-16)). What is the greatest common factor of s and 3?
1
Suppose -192 = 3*y - 3*o - 2*o, 0 = 2*y + 5*o + 128. Let n = y + 103. Calculate the greatest common factor of 13 and n.
13
Suppose t = -1, m + 5*t - 425 = 116. What is the greatest common divisor of 126 and m?
42
Suppose -5*x - 6 = -3*c, -x = -3*c - 0*x + 6. Suppose -2*q + 40 = c*o, 2*o = 4*o - 3*q - 35. What is the greatest common factor of o and 38?
19
Let t(p) = -3*p - 13. Let v be t(-6). Suppose -6*q + v*q = -7. Suppose -q*i = -o - 2*i + 1, -5*o - 2*i + 86 = 0. What is the highest common factor of 80 and o?
16
Let f = -47 - -49. What is the greatest common factor of f and 18?
2
Let b = 12 + -9. Suppose 4*v + b = 31. What is the highest common factor of v and 28?
7
Suppose 3*j + 4055 = 5*z, -j + 11 - 6 = 0. What is the greatest common factor of 74 and z?
74
Let d be (114/(-40) + 20/(-50))*-24. Calculate the highest common factor of d and 351.
39
Let d = 127 - 124. Suppose 5*s - 3*k = -k + 47, -2*s = d*k - 15. Calculate the highest common divisor of 3 and s.
3
Suppose -5*l - 4*m + 73 + 418 = 0, -2*m - 2 = 0. Calculate the highest common divisor of 88 and l.
11
Let g(x) = -4*x - 19. Suppose t - 3*t - 18 = 0. Let j be g(t). What is the greatest common divisor of 17 and j?
17
Suppose 3*r = -2*s + 2*r + 9, -5*s = 2*r - 24. Let p be (4 - -2)/(2/6). What is the highest common factor of p and s?
6
Let g = 32 + -29. Suppose -6*m + 5*o + 555 = -m, -g*m = -o - 331. Calculate the highest common divisor of m and 44.
22
Suppose 6*j - 4*j = 140. Let f = j + -34. What is the greatest common factor of 12 and f?
12
Let n(q) = 2*q**3 + 2*q**2 - 2*q - 4. Let a be n(-4). Let u = a - -137. Suppose u = 3*x - 3*g + 6, 3*x = g + 37. What is the greatest common factor of 36 and x?
12
Let c be 1202/2 + (-33)/(7 + 4). What is the highest common factor of 78 and c?
26
Let t be (-2 - (-32)/14) + (-6608)/(-196). What is the greatest common divisor of t and 1394?
34
Let w(z) = -z**3 - 60*z**2 - 66*z - 396. Let l be w(-59). Calculate the highest common factor of 2176 and l.
17
Suppose -1589 = -3*q + q + i, 4*q - 3169 = -i. Calculate the greatest common factor of q and 13.
13
Suppose -5*y = -5*t - 780, 4*y + 5*t - 547 = 59. What is the highest common divisor of y and 44?
22
Let s(r) = 15*r**2 - 1. Let c be s(1). Let b = 29 - c. Suppose -5*y + 0*y = -675. Calculate the greatest common factor of b and y.
15
Let m(n) = -88*n + 370. Let u be m(4). Calculate the highest common divisor of u and 102.
6
Suppose 30 = 5*f - 55. Let x(s) = s**2 + 4*s - 4. Let l be x(-5). Let h be l/6 + (-2445)/(-18). Calculate the highest common divisor of h and f.
17
Let s(l) = -l**2 - 11*l - 12. Let j be s(-9). Let a be (-28)/12 + (-4)/j. Let w be (39 + -5)*(a + 4). What is the highest common divisor of 17 and w?
17
Let b = -914 + 965. What is the highest common divisor of b and 6?
3
Let i(l) = -2*l - 592. Let b be i(0). Let h = -422 - b. Calculate the greatest common divisor of h and 17.
17
Let w = -1 - -13. Suppose -9*k + 37 = -2*s, 13*s - 8*s + 28 = k. Calculate the greatest common factor of w and k.
3
Suppose -3*n - 5*b + 115 = 0, 10*b - 6*b = 8. What is the greatest common divisor of 1295 and n?
35
Suppose 120 = 3*j + v, j = -3*v + 5*v + 40. Let w = -5 + j. Let g(h) = -h**3 + 5*h**2 - 3*h + 3. Let t be g(4). Calculate the highest common divisor of w and t.
7
Let p be 171*(2/(-12))/(1/(-2)). Suppose -x = 2*y - 68, x + 5*y - p = 23. What is the highest common factor of 12 and x?
12
Suppose 0 = 3*p + l - 288 - 124, -4*l = -3*p + 422. Calculate the greatest common factor of p and 1725.
69
Let d(v) = 9*v - 16. Let j = 27 + -21. Let m be d(j). Suppose -3*u + 21 + 36 = 0. What is the greatest common divisor of m and u?
19
Suppose 22 = -16*v + 118. What is the highest common divisor of v and 156?
6
Let x(y) = -15*y**3 + 2*y**2 + 2*y + 1. Let s be x(-1). Let w be (-112 - 0)/(3/(-3)). Calculate the greatest common factor of w and s.
16
Let f = -40 + 47. Let c(y) = y**3 - 9*y**2 + 15*y + 2. Let b be c(f). What is the highest common divisor of 6 and b?
3
Let c be (-3)/(-18)*-3*0. Suppose c*g - g - 4*y + 46 = 0, -4*g + 99 = -y. Calculate the greatest common divisor of 78 and g.
26
Let q = 1073 - 1070. What is the greatest common factor of 29 and q?
1
Let v be 63/(-84) - 225/(-12). Suppose -4*r = -r - k - 4, 0 = -r + 2*k - 2. What is the greatest common divisor of r and v?
2
Suppose -2*p - 5*a + 773 = 579, 0 = 5*a + 40. Suppose -3*u + 34 + 5 = 0. What is the greatest common divisor of p and u?
13
Let s(r) = r**3 + 18*r**2 + 26*r - 34. Let d be s(-16). What is the greatest common divisor of 899 and d?
31
Suppose -5*p = -2*w + 25, 7 - 1 = 3*w + 3*p. Suppose -w*y = -288 - 212. What is the greatest common factor of 40 and y?
20
Let t = 2 - 0. Suppose 0 = -m - t*m + 90. Let g be m/(-4)*(2 - 8). What is the highest common divisor of g and 15?
15
Let t(f) = 3*f**2 + 5*f - 6. Let j be t(-6). Let y = -54 + 64. Suppose -y = 5*i + 5, 0 = 3*g - 3*i - 36. What is the greatest common factor of g and j?
9
Suppose h - 27 = -0*h - v, 0 = -h + v + 35. Let u be (2 - 28/12)*-21. Let l be (-1)/u + (-7821)/(-63). Calculate the greatest common divisor of h and l.
31
Suppose -624 = -3*l - 4*n, -56*l + 208 = -55*l + 4*n. What is the greatest common divisor of 234 and l?
26
Let t(v) = -v**2 - 11*v - 13. Let p = 15 + -23. Let u be t(p). Suppose -b + 3 = 5*h, 5*h - 11 = -0*b + 3*b. What is the greatest common divisor of h and u?
1
Suppose -2*q = -4*o, 4*o - 3*q + 6 = -4*q. Let z be 41 + 15/(o + -2). Calculate the highest common divisor of 126 and z.
18
Suppose 0 = -f + 2*f - 4, 3*z - 4*f - 2306 = 0. What is the highest common factor of 18 and z?
18
Let w = 322 - 226. What is the greatest common divisor of w and 12?
12
Let a = -1532 + 1552. What is the highest common divisor of a and 2620?
20
Suppose 0 = 4*h - 3*l - 45, 25 = -5*h + 4*l + 81. What is the highest common divisor of 2 and h?
2
Let m(i) be the third derivative of -5*i**4/12 + 7*i**3/6 - 34*i**2. Let p be m(-2). What is the highest common divisor of p and 9?
9
Let o = -13 + 15. Let b be 46 + o*4/(-8). Calculate the greatest common factor of 15 and b.
15
Let r(s) be the first derivative of -s**3 - s**2 + 77*s - 9. Let p be r(0). Calculate the greatest common factor of 11 and p.
11
Suppose -60*f - 38 = -62*f. What is the highest common factor of f and 1387?
19
Suppose 4*g + 4 = 4*t, -7*g + 1 = -2*t - 2*g. Suppose -173 = -t*b + 91. Let f = 34655 - 34643. What is the greatest common divisor of f and b?
12
Suppose -120*a + 123*a = 324. Calculate the greatest common divisor of 54 and a.
54
Let z = 80 - 76. Let c(a) = a**2 + 4. Let x be c(3). Suppose z*q - x = 3*q. What is the highest common factor of 13 and q?
13
Let q(o) = -o - 3. Let p be q(-4). Let j be p/4 + 86/8. Let d be (2 + -3 + -4)*((-44)/(-10))/(-2). Calculate the greatest common divisor of d and j.
11
Let u be -2*(-2)/(-4) + 14. Let s(h) = 2*h - 5. Let n be s(9). Suppose 3*m - n - 104 = 0. Calculate the highest common factor of m and u.
13
Let b be (-2)/(-1) + 1 + 1. Suppose -3*o = 0, 2*i - 2 = -0*i + b*o. Suppose 15*n - 4*n = 22. What is the greatest common divisor of i and n?
1
Let u = 37413 + -37333. Let t be (-81)/(-4) - (-2)/(-8). What is the highest common divisor of u and t?
20
Suppose 0 = 22*v - 40*v + 8208. Calculate the greatest common divisor of v and 57.
57
Let r = 13 + 36. Suppose 2*q = 3*q - 11. Let o = 18 - q. Calculate the greatest common factor of o and r.
7
Let i be (-7 + ((-96)/5 - 6))*-5. What is the greatest common factor of i and 184?
23
Suppose 5*w + 3276 = 17071. What is the highest common divisor of w and 89?
89
Let q(a) = -5*a - 1. Let b(h) = h + 3. Let v(c) = 6*b(c) + q(c). Suppose -3*x - 5 = 25. Let t be v(x). Calculate the greatest common divisor of t and 63.
7
Let p(g) = -g**2 - 6*g. Let s be p(-6). Let r be ((-11)/(-1))/(1 - s). Let y = -1392 - -1425. What is the greatest common factor of r and y?
11
Let c(s) = s**3 - s**2 - s + 99. Let i be c(0). Suppose 45 + 53 = -2*b. Let l = b + 60. What is the greatest common divisor of l and i?
11
Let a = 10 - 7